{"id":106,"date":"2025-02-04T10:31:15","date_gmt":"2025-02-04T10:31:15","guid":{"rendered":"https:\/\/wanders.parisnanterre.fr\/?page_id=106"},"modified":"2025-02-07T08:50:10","modified_gmt":"2025-02-07T08:50:10","slug":"contact","status":"publish","type":"page","link":"https:\/\/wanders.parisnanterre.fr\/index.php\/contact\/","title":{"rendered":"LICA\u00c9 : contact us !"},"content":{"rendered":"\n<div class=\"wp-block-media-text is-stacked-on-mobile\" style=\"grid-template-columns:33% auto\"><figure class=\"wp-block-media-text__media\"><a href=\"https:\/\/licae.parisnanterre.fr\/\"><img loading=\"lazy\" decoding=\"async\" width=\"1024\" height=\"576\" src=\"https:\/\/wanders.parisnanterre.fr\/wp-content\/uploads\/2025\/02\/Logo_LICAE_fond_blanc-1024x576.jpg\" alt=\"\" class=\"wp-image-316 size-full\" srcset=\"https:\/\/wanders.parisnanterre.fr\/wp-content\/uploads\/2025\/02\/Logo_LICAE_fond_blanc-1024x576.jpg 1024w, https:\/\/wanders.parisnanterre.fr\/wp-content\/uploads\/2025\/02\/Logo_LICAE_fond_blanc-300x169.jpg 300w, https:\/\/wanders.parisnanterre.fr\/wp-content\/uploads\/2025\/02\/Logo_LICAE_fond_blanc-768x432.jpg 768w, https:\/\/wanders.parisnanterre.fr\/wp-content\/uploads\/2025\/02\/Logo_LICAE_fond_blanc.bmp 1280w\" sizes=\"auto, (max-width: 1024px) 100vw, 1024px\" \/><\/a><\/figure><div class=\"wp-block-media-text__content\">\n<p>Click to discover the <a href=\"https:\/\/licae.parisnanterre.fr\/\" data-type=\"link\" data-id=\"https:\/\/licae.parisnanterre.fr\/\">Laboratoire sur les int\u00e9ractions cognition, \u00e9motion, action (LICA\u00c9<\/a>) at the UFR STAPS of the Universit\u00e9 Paris Nanterre (UPN).<\/p>\n<\/div><\/div>\n\n\n\n<h2 class=\"wp-block-heading\">Our research plateforms<\/h2>\n\n\n<style>.kb-row-layout-id106_ab633a-f5 > .kt-row-column-wrap{align-content:start;}:where(.kb-row-layout-id106_ab633a-f5 > .kt-row-column-wrap) > .wp-block-kadence-column{justify-content:start;}.kb-row-layout-id106_ab633a-f5 > .kt-row-column-wrap{column-gap:var(--global-kb-gap-md, 2rem);row-gap:var(--global-kb-gap-md, 2rem);padding-top:var(--global-kb-spacing-sm, 1.5rem);padding-bottom:var(--global-kb-spacing-sm, 1.5rem);}.kb-row-layout-id106_ab633a-f5 > .kt-row-column-wrap > div:not(.added-for-specificity){grid-column:initial;}.kb-row-layout-id106_ab633a-f5 > .kt-row-column-wrap{grid-template-columns:repeat(3, minmax(0, 1fr));}.kb-row-layout-id106_ab633a-f5 > .kt-row-layout-overlay{opacity:0.30;}@media all and (max-width: 1024px){.kb-row-layout-id106_ab633a-f5 > .kt-row-column-wrap > div:not(.added-for-specificity){grid-column:initial;}}@media all and (max-width: 1024px){.kb-row-layout-id106_ab633a-f5 > .kt-row-column-wrap{grid-template-columns:repeat(3, minmax(0, 1fr));}}@media all and (max-width: 767px){.kb-row-layout-id106_ab633a-f5 > .kt-row-column-wrap > div:not(.added-for-specificity){grid-column:initial;}.kb-row-layout-id106_ab633a-f5 > .kt-row-column-wrap{grid-template-columns:minmax(0, 1fr);}}<\/style><div class=\"kb-row-layout-wrap kb-row-layout-id106_ab633a-f5 alignnone wp-block-kadence-rowlayout\"><div class=\"kt-row-column-wrap kt-has-3-columns kt-row-layout-equal kt-tab-layout-inherit kt-mobile-layout-row kt-row-valign-top\">\n<style>.kadence-column106_2836ea-d5 > .kt-inside-inner-col,.kadence-column106_2836ea-d5 > .kt-inside-inner-col:before{border-top-left-radius:0px;border-top-right-radius:0px;border-bottom-right-radius:0px;border-bottom-left-radius:0px;}.kadence-column106_2836ea-d5 > .kt-inside-inner-col{column-gap:var(--global-kb-gap-sm, 1rem);}.kadence-column106_2836ea-d5 > .kt-inside-inner-col{flex-direction:column;}.kadence-column106_2836ea-d5 > .kt-inside-inner-col > .aligncenter{width:100%;}.kadence-column106_2836ea-d5 > .kt-inside-inner-col:before{opacity:0.3;}.kadence-column106_2836ea-d5{position:relative;}@media all and (max-width: 1024px){.kadence-column106_2836ea-d5 > .kt-inside-inner-col{flex-direction:column;justify-content:center;}}@media all and (max-width: 767px){.kadence-column106_2836ea-d5 > .kt-inside-inner-col{flex-direction:column;justify-content:center;}}<\/style>\n<div class=\"wp-block-kadence-column kadence-column106_2836ea-d5\"><div class=\"kt-inside-inner-col\">\n<figure class=\"wp-block-embed is-type-video is-provider-youtube wp-block-embed-youtube wp-embed-aspect-16-9 wp-has-aspect-ratio\"><div class=\"wp-block-embed__wrapper\">\n<iframe loading=\"lazy\" title=\"Pr\u00e9sentation de la plateforme 308\" width=\"720\" height=\"405\" src=\"https:\/\/www.youtube.com\/embed\/Ah-k_iQCBq4?feature=oembed\" frameborder=\"0\" allow=\"accelerometer; autoplay; clipboard-write; encrypted-media; gyroscope; picture-in-picture; web-share\" referrerpolicy=\"strict-origin-when-cross-origin\" allowfullscreen><\/iframe>\n<\/div><\/figure>\n<\/div><\/div>\n\n\n<style>.kadence-column106_259e2b-93 > .kt-inside-inner-col,.kadence-column106_259e2b-93 > .kt-inside-inner-col:before{border-top-left-radius:0px;border-top-right-radius:0px;border-bottom-right-radius:0px;border-bottom-left-radius:0px;}.kadence-column106_259e2b-93 > .kt-inside-inner-col{column-gap:var(--global-kb-gap-sm, 1rem);}.kadence-column106_259e2b-93 > .kt-inside-inner-col{flex-direction:column;}.kadence-column106_259e2b-93 > .kt-inside-inner-col > .aligncenter{width:100%;}.kadence-column106_259e2b-93 > .kt-inside-inner-col:before{opacity:0.3;}.kadence-column106_259e2b-93{position:relative;}@media all and (max-width: 1024px){.kadence-column106_259e2b-93 > .kt-inside-inner-col{flex-direction:column;justify-content:center;}}@media all and (max-width: 767px){.kadence-column106_259e2b-93 > .kt-inside-inner-col{flex-direction:column;justify-content:center;}}<\/style>\n<div class=\"wp-block-kadence-column kadence-column106_259e2b-93\"><div class=\"kt-inside-inner-col\">\n<figure class=\"wp-block-embed is-type-video is-provider-youtube wp-block-embed-youtube wp-embed-aspect-16-9 wp-has-aspect-ratio\"><div class=\"wp-block-embed__wrapper\">\n<iframe loading=\"lazy\" title=\"Pr\u00e9sentation de la plateforme 215\" width=\"720\" height=\"405\" src=\"https:\/\/www.youtube.com\/embed\/WXfg55Tlwic?feature=oembed\" frameborder=\"0\" allow=\"accelerometer; autoplay; clipboard-write; encrypted-media; gyroscope; picture-in-picture; web-share\" referrerpolicy=\"strict-origin-when-cross-origin\" allowfullscreen><\/iframe>\n<\/div><\/figure>\n<\/div><\/div>\n\n\n<style>.kadence-column106_436162-c7 > .kt-inside-inner-col,.kadence-column106_436162-c7 > .kt-inside-inner-col:before{border-top-left-radius:0px;border-top-right-radius:0px;border-bottom-right-radius:0px;border-bottom-left-radius:0px;}.kadence-column106_436162-c7 > .kt-inside-inner-col{column-gap:var(--global-kb-gap-sm, 1rem);}.kadence-column106_436162-c7 > .kt-inside-inner-col{flex-direction:column;}.kadence-column106_436162-c7 > .kt-inside-inner-col > .aligncenter{width:100%;}.kadence-column106_436162-c7 > .kt-inside-inner-col:before{opacity:0.3;}.kadence-column106_436162-c7{position:relative;}@media all and (max-width: 1024px){.kadence-column106_436162-c7 > .kt-inside-inner-col{flex-direction:column;justify-content:center;}}@media all and (max-width: 767px){.kadence-column106_436162-c7 > .kt-inside-inner-col{flex-direction:column;justify-content:center;}}<\/style>\n<div class=\"wp-block-kadence-column kadence-column106_436162-c7\"><div class=\"kt-inside-inner-col\">\n<figure class=\"wp-block-embed is-type-video is-provider-youtube wp-block-embed-youtube wp-embed-aspect-16-9 wp-has-aspect-ratio\"><div class=\"wp-block-embed__wrapper\">\n<iframe loading=\"lazy\" title=\"Pr\u00e9sentation de l&#039;espace R\u00e9gine Scelles - Plateforme de recherche de la f\u00e9d\u00e9ration EPN-R\" width=\"720\" height=\"405\" src=\"https:\/\/www.youtube.com\/embed\/D7Wj1lOlGGE?start=8&#038;feature=oembed\" frameborder=\"0\" allow=\"accelerometer; autoplay; clipboard-write; encrypted-media; gyroscope; picture-in-picture; web-share\" referrerpolicy=\"strict-origin-when-cross-origin\" allowfullscreen><\/iframe>\n<\/div><\/figure>\n<\/div><\/div>\n\n<\/div><\/div>\n\n\n<h2 class=\"wp-block-heading\">The adress <\/h2>\n\n\n\n<p><br>LICA\u00c9, UFR STAPS, Universit\u00e9 Paris Nanterre, 200 avenue de la R\u00e9publique, 92000 Nanterre<\/p>\n\n\n<style>.kb-google-maps-container106_35531e-81{height:450px;}<\/style><div class=\"kb-google-maps-container kb-google-maps-container106_35531e-81  wp-block-kadence-googlemaps\" data-mapid=\"106_35531e81\"><iframe width=\"100%\" height=\"100%\"\n\t\t\t\t\t\t\tstyle=\"border:0\" loading=\"lazy\"\n\t\t\t\t\t\t\tsrc=\"https:\/\/www.google.com\/maps\/embed\/v1\/place?key=AIzaSyBAM2o7PiQqwk15LC1XRH2e_KJ-jUa7KYk&#038;zoom=10&#038;maptype=roadmap&#038;q=universit%C3%A9+paris+nanterre\"\n\t\t\t\t\t\t\ttitle=\"Carte Google de universit\u00e9 paris nanterre\"><\/iframe><\/div><script>function kb_google_map106_35531e81() { let center = { lat: 37.8201, lng: -122.4781}; let map = new google.maps.Map(document.getElementById(\"kb-google-map106_35531e81\"), {\n\t\t\t\t\t    zoom: 10,\n\t\t\t\t\t    center: center,});let marker = new google.maps.Marker({   position: { lat: 37.8201, lng: -122.4781},    map: map,  });}<\/script>\n\n\n<p><\/p>\n\n\n\n<h2 class=\"wp-block-heading\">The UPN in some pictures<\/h2>\n\n\n<style>.wp-block-kadence-advancedgallery .kb-gallery-type-masonry.kb-gallery-id-106_361a36-f1{margin:-5px;}.kb-gallery-type-masonry.kb-gallery-id-106_361a36-f1 .kadence-blocks-gallery-item{padding:5px;}.kb-gallery-id-106_361a36-f1 .kadence-blocks-gallery-item .kb-gal-image-radius, .kb-gallery-id-106_361a36-f1 .kb-slide-item .kb-gal-image-radius img{border-radius:0px 0px 0px 0px;;}<\/style><div class=\"kb-gallery-wrap-id-106_361a36-f1 alignnone wp-block-kadence-advancedgallery\"><ul class=\"kb-gallery-ul kb-gallery-non-static kb-gallery-type-masonry kb-masonry-init kb-gallery-id-106_361a36-f1 kb-gallery-caption-style-bottom-hover kb-gallery-filter-none\" data-image-filter=\"none\" data-item-selector=\".kadence-blocks-gallery-item\" data-lightbox-caption=\"true\" data-columns-xxl=\"3\" data-columns-xl=\"3\" data-columns-md=\"3\" data-columns-sm=\"2\" data-columns-xs=\"1\" data-columns-ss=\"1\"><li class=\"kadence-blocks-gallery-item\" tabindex=\"0\"><div class=\"kadence-blocks-gallery-item-inner\"><figure class=\"kb-gallery-figure kadence-blocks-gallery-item-hide-caption\"><div class=\"kb-gal-image-radius\" style=\"max-width:900px;\"><div class=\"kb-gallery-image-contain kadence-blocks-gallery-intrinsic\" style=\"padding-bottom:50%;\"><img loading=\"lazy\" decoding=\"async\" src=\"https:\/\/wanders.parisnanterre.fr\/wp-content\/uploads\/2025\/02\/universite-nanterre-vert-900x450-1.jpg\" width=\"900\" height=\"450\" alt=\"\" data-full-image=\"https:\/\/wanders.parisnanterre.fr\/wp-content\/uploads\/2025\/02\/universite-nanterre-vert-900x450-1.jpg\" data-light-image=\"https:\/\/wanders.parisnanterre.fr\/wp-content\/uploads\/2025\/02\/universite-nanterre-vert-900x450-1.jpg\" data-id=\"325\" class=\"wp-image-325\" srcset=\"https:\/\/wanders.parisnanterre.fr\/wp-content\/uploads\/2025\/02\/universite-nanterre-vert-900x450-1.jpg 900w, https:\/\/wanders.parisnanterre.fr\/wp-content\/uploads\/2025\/02\/universite-nanterre-vert-900x450-1-300x150.jpg 300w, https:\/\/wanders.parisnanterre.fr\/wp-content\/uploads\/2025\/02\/universite-nanterre-vert-900x450-1-768x384.jpg 768w\" sizes=\"auto, (max-width: 900px) 100vw, 900px\" \/><\/div><\/div><\/figure><\/div><\/li><li class=\"kadence-blocks-gallery-item\" tabindex=\"0\"><div class=\"kadence-blocks-gallery-item-inner\"><figure class=\"kb-gallery-figure kadence-blocks-gallery-item-hide-caption\"><div class=\"kb-gal-image-radius\" style=\"max-width:1024px;\"><div class=\"kb-gallery-image-contain kadence-blocks-gallery-intrinsic\" style=\"padding-bottom:55%;\"><img loading=\"lazy\" decoding=\"async\" src=\"https:\/\/wanders.parisnanterre.fr\/wp-content\/uploads\/2025\/02\/Universite-1024x573.png\" width=\"1024\" height=\"573\" alt=\"\" data-full-image=\"https:\/\/wanders.parisnanterre.fr\/wp-content\/uploads\/2025\/02\/Universite.png\" data-light-image=\"https:\/\/wanders.parisnanterre.fr\/wp-content\/uploads\/2025\/02\/Universite.png\" data-id=\"324\" class=\"wp-image-324\" srcset=\"https:\/\/wanders.parisnanterre.fr\/wp-content\/uploads\/2025\/02\/Universite-1024x573.png 1024w, https:\/\/wanders.parisnanterre.fr\/wp-content\/uploads\/2025\/02\/Universite-300x168.png 300w, https:\/\/wanders.parisnanterre.fr\/wp-content\/uploads\/2025\/02\/Universite-768x430.png 768w, https:\/\/wanders.parisnanterre.fr\/wp-content\/uploads\/2025\/02\/Universite-1536x859.png 1536w, https:\/\/wanders.parisnanterre.fr\/wp-content\/uploads\/2025\/02\/Universite-2048x1146.png 2048w\" sizes=\"auto, (max-width: 1024px) 100vw, 1024px\" \/><\/div><\/div><\/figure><\/div><\/li><li class=\"kadence-blocks-gallery-item\" tabindex=\"0\"><div class=\"kadence-blocks-gallery-item-inner\"><figure class=\"kb-gallery-figure kadence-blocks-gallery-item-hide-caption\"><div class=\"kb-gal-image-radius\" style=\"max-width:259px;\"><div class=\"kb-gallery-image-contain kadence-blocks-gallery-intrinsic\" style=\"padding-bottom:74%;\"><img loading=\"lazy\" decoding=\"async\" src=\"https:\/\/wanders.parisnanterre.fr\/wp-content\/uploads\/2025\/02\/telechargement.jpg\" width=\"259\" height=\"194\" alt=\"\" data-full-image=\"https:\/\/wanders.parisnanterre.fr\/wp-content\/uploads\/2025\/02\/telechargement.jpg\" data-light-image=\"https:\/\/wanders.parisnanterre.fr\/wp-content\/uploads\/2025\/02\/telechargement.jpg\" data-id=\"323\" class=\"wp-image-323\"\/><\/div><\/div><\/figure><\/div><\/li><li class=\"kadence-blocks-gallery-item\" tabindex=\"0\"><div class=\"kadence-blocks-gallery-item-inner\"><figure class=\"kb-gallery-figure kadence-blocks-gallery-item-hide-caption\"><div class=\"kb-gal-image-radius\" style=\"max-width:805px;\"><div class=\"kb-gallery-image-contain kadence-blocks-gallery-intrinsic\" style=\"padding-bottom:56%;\"><img loading=\"lazy\" decoding=\"async\" src=\"https:\/\/wanders.parisnanterre.fr\/wp-content\/uploads\/2025\/02\/PHOfb272c7c-e1f3-11e4-8d7e-20191f846b73-805x453-1.webp\" width=\"805\" height=\"453\" alt=\"\" data-full-image=\"https:\/\/wanders.parisnanterre.fr\/wp-content\/uploads\/2025\/02\/PHOfb272c7c-e1f3-11e4-8d7e-20191f846b73-805x453-1.webp\" data-light-image=\"https:\/\/wanders.parisnanterre.fr\/wp-content\/uploads\/2025\/02\/PHOfb272c7c-e1f3-11e4-8d7e-20191f846b73-805x453-1.webp\" data-id=\"322\" class=\"wp-image-322\" srcset=\"https:\/\/wanders.parisnanterre.fr\/wp-content\/uploads\/2025\/02\/PHOfb272c7c-e1f3-11e4-8d7e-20191f846b73-805x453-1.webp 805w, https:\/\/wanders.parisnanterre.fr\/wp-content\/uploads\/2025\/02\/PHOfb272c7c-e1f3-11e4-8d7e-20191f846b73-805x453-1-300x169.webp 300w, https:\/\/wanders.parisnanterre.fr\/wp-content\/uploads\/2025\/02\/PHOfb272c7c-e1f3-11e4-8d7e-20191f846b73-805x453-1-768x432.webp 768w\" sizes=\"auto, (max-width: 805px) 100vw, 805px\" \/><\/div><\/div><\/figure><\/div><\/li><li class=\"kadence-blocks-gallery-item\" tabindex=\"0\"><div class=\"kadence-blocks-gallery-item-inner\"><figure class=\"kb-gallery-figure kadence-blocks-gallery-item-hide-caption\"><div class=\"kb-gal-image-radius\" style=\"max-width:1024px;\"><div class=\"kb-gallery-image-contain kadence-blocks-gallery-intrinsic\" style=\"padding-bottom:47%;\"><img loading=\"lazy\" decoding=\"async\" src=\"https:\/\/wanders.parisnanterre.fr\/wp-content\/uploads\/2025\/02\/Paris-Nanterre-University-France-18-1024x484.jpeg\" width=\"1024\" height=\"484\" alt=\"\" data-full-image=\"https:\/\/wanders.parisnanterre.fr\/wp-content\/uploads\/2025\/02\/Paris-Nanterre-University-France-18.jpeg\" data-light-image=\"https:\/\/wanders.parisnanterre.fr\/wp-content\/uploads\/2025\/02\/Paris-Nanterre-University-France-18.jpeg\" data-id=\"321\" class=\"wp-image-321\" srcset=\"https:\/\/wanders.parisnanterre.fr\/wp-content\/uploads\/2025\/02\/Paris-Nanterre-University-France-18-1024x484.jpeg 1024w, https:\/\/wanders.parisnanterre.fr\/wp-content\/uploads\/2025\/02\/Paris-Nanterre-University-France-18-300x142.jpeg 300w, https:\/\/wanders.parisnanterre.fr\/wp-content\/uploads\/2025\/02\/Paris-Nanterre-University-France-18-768x363.jpeg 768w, https:\/\/wanders.parisnanterre.fr\/wp-content\/uploads\/2025\/02\/Paris-Nanterre-University-France-18-1536x726.jpeg 1536w, https:\/\/wanders.parisnanterre.fr\/wp-content\/uploads\/2025\/02\/Paris-Nanterre-University-France-18-2048x967.jpeg 2048w\" sizes=\"auto, (max-width: 1024px) 100vw, 1024px\" \/><\/div><\/div><\/figure><\/div><\/li><li class=\"kadence-blocks-gallery-item\" tabindex=\"0\"><div class=\"kadence-blocks-gallery-item-inner\"><figure class=\"kb-gallery-figure kadence-blocks-gallery-item-hide-caption\"><div class=\"kb-gal-image-radius\" style=\"max-width:1024px;\"><div class=\"kb-gallery-image-contain kadence-blocks-gallery-intrinsic\" style=\"padding-bottom:47%;\"><img loading=\"lazy\" decoding=\"async\" src=\"https:\/\/wanders.parisnanterre.fr\/wp-content\/uploads\/2025\/02\/Paris-Nanterre-University-France-7-1024x484.jpeg\" width=\"1024\" height=\"484\" alt=\"\" data-full-image=\"https:\/\/wanders.parisnanterre.fr\/wp-content\/uploads\/2025\/02\/Paris-Nanterre-University-France-7.jpeg\" data-light-image=\"https:\/\/wanders.parisnanterre.fr\/wp-content\/uploads\/2025\/02\/Paris-Nanterre-University-France-7.jpeg\" data-id=\"320\" class=\"wp-image-320\" srcset=\"https:\/\/wanders.parisnanterre.fr\/wp-content\/uploads\/2025\/02\/Paris-Nanterre-University-France-7-1024x484.jpeg 1024w, https:\/\/wanders.parisnanterre.fr\/wp-content\/uploads\/2025\/02\/Paris-Nanterre-University-France-7-300x142.jpeg 300w, https:\/\/wanders.parisnanterre.fr\/wp-content\/uploads\/2025\/02\/Paris-Nanterre-University-France-7-768x363.jpeg 768w, https:\/\/wanders.parisnanterre.fr\/wp-content\/uploads\/2025\/02\/Paris-Nanterre-University-France-7-1536x726.jpeg 1536w, https:\/\/wanders.parisnanterre.fr\/wp-content\/uploads\/2025\/02\/Paris-Nanterre-University-France-7-2048x967.jpeg 2048w\" sizes=\"auto, (max-width: 1024px) 100vw, 1024px\" \/><\/div><\/div><\/figure><\/div><\/li><li class=\"kadence-blocks-gallery-item\" tabindex=\"0\"><div class=\"kadence-blocks-gallery-item-inner\"><figure class=\"kb-gallery-figure kadence-blocks-gallery-item-hide-caption\"><div class=\"kb-gal-image-radius\" style=\"max-width:512px;\"><div class=\"kb-gallery-image-contain kadence-blocks-gallery-intrinsic\" style=\"padding-bottom:78%;\"><img loading=\"lazy\" decoding=\"async\" src=\"https:\/\/wanders.parisnanterre.fr\/wp-content\/uploads\/2025\/02\/nanterre_universite_05.jpg\" width=\"512\" height=\"400\" alt=\"\" data-full-image=\"https:\/\/wanders.parisnanterre.fr\/wp-content\/uploads\/2025\/02\/nanterre_universite_05.jpg\" data-light-image=\"https:\/\/wanders.parisnanterre.fr\/wp-content\/uploads\/2025\/02\/nanterre_universite_05.jpg\" data-id=\"319\" class=\"wp-image-319\" srcset=\"https:\/\/wanders.parisnanterre.fr\/wp-content\/uploads\/2025\/02\/nanterre_universite_05.jpg 512w, https:\/\/wanders.parisnanterre.fr\/wp-content\/uploads\/2025\/02\/nanterre_universite_05-300x234.jpg 300w\" sizes=\"auto, (max-width: 512px) 100vw, 512px\" \/><\/div><\/div><\/figure><\/div><\/li><li class=\"kadence-blocks-gallery-item\" tabindex=\"0\"><div class=\"kadence-blocks-gallery-item-inner\"><figure class=\"kb-gallery-figure kadence-blocks-gallery-item-hide-caption\"><div class=\"kb-gal-image-radius\" style=\"max-width:300px;\"><div class=\"kb-gallery-image-contain kadence-blocks-gallery-intrinsic\" style=\"padding-bottom:56%;\"><img loading=\"lazy\" decoding=\"async\" src=\"https:\/\/wanders.parisnanterre.fr\/wp-content\/uploads\/2025\/02\/images.jpg\" width=\"300\" height=\"168\" alt=\"\" data-full-image=\"https:\/\/wanders.parisnanterre.fr\/wp-content\/uploads\/2025\/02\/images.jpg\" data-light-image=\"https:\/\/wanders.parisnanterre.fr\/wp-content\/uploads\/2025\/02\/images.jpg\" data-id=\"318\" class=\"wp-image-318\"\/><\/div><\/div><\/figure><\/div><\/li><li class=\"kadence-blocks-gallery-item\" tabindex=\"0\"><div class=\"kadence-blocks-gallery-item-inner\"><figure class=\"kb-gallery-figure kadence-blocks-gallery-item-hide-caption\"><div class=\"kb-gal-image-radius\" style=\"max-width:275px;\"><div class=\"kb-gallery-image-contain kadence-blocks-gallery-intrinsic\" style=\"padding-bottom:66%;\"><img loading=\"lazy\" decoding=\"async\" src=\"https:\/\/wanders.parisnanterre.fr\/wp-content\/uploads\/2025\/02\/images-1.jpg\" width=\"275\" height=\"183\" alt=\"\" data-full-image=\"https:\/\/wanders.parisnanterre.fr\/wp-content\/uploads\/2025\/02\/images-1.jpg\" data-light-image=\"https:\/\/wanders.parisnanterre.fr\/wp-content\/uploads\/2025\/02\/images-1.jpg\" data-id=\"317\" class=\"wp-image-317\"\/><\/div><\/div><\/figure><\/div><\/li><li class=\"kadence-blocks-gallery-item\" tabindex=\"0\"><div class=\"kadence-blocks-gallery-item-inner\"><figure class=\"kb-gallery-figure kadence-blocks-gallery-item-hide-caption\"><div class=\"kb-gal-image-radius\" style=\"max-width:1024px;\"><div class=\"kb-gallery-image-contain kadence-blocks-gallery-intrinsic\" style=\"padding-bottom:47%;\"><img loading=\"lazy\" decoding=\"async\" src=\"https:\/\/wanders.parisnanterre.fr\/wp-content\/uploads\/2025\/02\/Paris-Nanterre-University-France-13-1024x484.jpeg\" width=\"1024\" height=\"484\" alt=\"\" data-full-image=\"https:\/\/wanders.parisnanterre.fr\/wp-content\/uploads\/2025\/02\/Paris-Nanterre-University-France-13.jpeg\" data-light-image=\"https:\/\/wanders.parisnanterre.fr\/wp-content\/uploads\/2025\/02\/Paris-Nanterre-University-France-13.jpeg\" data-id=\"309\" class=\"wp-image-309\" srcset=\"https:\/\/wanders.parisnanterre.fr\/wp-content\/uploads\/2025\/02\/Paris-Nanterre-University-France-13-1024x484.jpeg 1024w, https:\/\/wanders.parisnanterre.fr\/wp-content\/uploads\/2025\/02\/Paris-Nanterre-University-France-13-300x142.jpeg 300w, https:\/\/wanders.parisnanterre.fr\/wp-content\/uploads\/2025\/02\/Paris-Nanterre-University-France-13-768x363.jpeg 768w, https:\/\/wanders.parisnanterre.fr\/wp-content\/uploads\/2025\/02\/Paris-Nanterre-University-France-13-1536x726.jpeg 1536w, https:\/\/wanders.parisnanterre.fr\/wp-content\/uploads\/2025\/02\/Paris-Nanterre-University-France-13-2048x967.jpeg 2048w\" sizes=\"auto, (max-width: 1024px) 100vw, 1024px\" \/><\/div><\/div><\/figure><\/div><\/li><\/ul><\/div>","protected":false},"excerpt":{"rendered":"<p>Click to discover the Laboratoire sur les int\u00e9ractions cognition, \u00e9motion, action (LICA\u00c9) at the UFR STAPS of the Universit\u00e9 Paris Nanterre (UPN). Our research plateforms The adress LICA\u00c9, UFR STAPS, Universit\u00e9 Paris Nanterre, 200 avenue de la R\u00e9publique, 92000 Nanterre The UPN in some pictures<\/p>\n","protected":false},"author":1,"featured_media":309,"parent":0,"menu_order":0,"comment_status":"closed","ping_status":"closed","template":"","meta":{"_kad_blocks_custom_css":"","_kad_blocks_head_custom_js":"","_kad_blocks_body_custom_js":"","_kad_blocks_footer_custom_js":"","_kadence_starter_templates_imported_post":false,"_kad_post_transparent":"","_kad_post_title":"","_kad_post_layout":"","_kad_post_sidebar_id":"","_kad_post_content_style":"","_kad_post_vertical_padding":"","_kad_post_feature":"","_kad_post_feature_position":"","_kad_post_header":false,"_kad_post_footer":false,"footnotes":""},"class_list":["post-106","page","type-page","status-publish","has-post-thumbnail","hentry"],"taxonomy_info":[],"featured_image_src_large":["https:\/\/wanders.parisnanterre.fr\/wp-content\/uploads\/2025\/02\/Paris-Nanterre-University-France-13-1024x484.jpeg",1024,484,true],"author_info":{"display_name":"admin","author_link":"https:\/\/wanders.parisnanterre.fr\/index.php\/author\/rmennella\/"},"comment_info":0,"_links":{"self":[{"href":"https:\/\/wanders.parisnanterre.fr\/index.php\/wp-json\/wp\/v2\/pages\/106","targetHints":{"allow":["GET"]}}],"collection":[{"href":"https:\/\/wanders.parisnanterre.fr\/index.php\/wp-json\/wp\/v2\/pages"}],"about":[{"href":"https:\/\/wanders.parisnanterre.fr\/index.php\/wp-json\/wp\/v2\/types\/page"}],"author":[{"embeddable":true,"href":"https:\/\/wanders.parisnanterre.fr\/index.php\/wp-json\/wp\/v2\/users\/1"}],"replies":[{"embeddable":true,"href":"https:\/\/wanders.parisnanterre.fr\/index.php\/wp-json\/wp\/v2\/comments?post=106"}],"version-history":[{"count":14,"href":"https:\/\/wanders.parisnanterre.fr\/index.php\/wp-json\/wp\/v2\/pages\/106\/revisions"}],"predecessor-version":[{"id":328,"href":"https:\/\/wanders.parisnanterre.fr\/index.php\/wp-json\/wp\/v2\/pages\/106\/revisions\/328"}],"wp:featuredmedia":[{"embeddable":true,"href":"https:\/\/wanders.parisnanterre.fr\/index.php\/wp-json\/wp\/v2\/media\/309"}],"wp:attachment":[{"href":"https:\/\/wanders.parisnanterre.fr\/index.php\/wp-json\/wp\/v2\/media?parent=106"}],"curies":[{"name":"wp","href":"https:\/\/api.w.org\/{rel}","templated":true}]}}