{"id":95,"date":"2025-02-04T10:24:16","date_gmt":"2025-02-04T10:24:16","guid":{"rendered":"https:\/\/wanders.parisnanterre.fr\/?page_id=95"},"modified":"2025-02-04T15:24:01","modified_gmt":"2025-02-04T15:24:01","slug":"open-positions","status":"publish","type":"page","link":"https:\/\/wanders.parisnanterre.fr\/index.php\/open-positions\/","title":{"rendered":"Positions"},"content":{"rendered":"\n<h2 class=\"wp-block-heading\">Open positions<\/h2>\n\n\n<style>.kt-post-loop95_61e846-0a .kadence-post-image{padding-top:0px;padding-right:30px;padding-bottom:10px;padding-left:0px;}.kt-post-loop95_61e846-0a .kt-feat-image-align-left{grid-template-columns:40% auto;}.kt-post-loop95_61e846-0a .kt-post-grid-wrap{gap:30px 30px;}.kt-post-loop95_61e846-0a .kt-blocks-post-grid-item{border-top-left-radius:0px;border-top-right-radius:0px;border-bottom-right-radius:0px;border-bottom-left-radius:0px;border-top-color:currentColor;border-top-style:solid;border-right-color:currentColor;border-right-style:solid;border-bottom-color:currentColor;border-bottom-style:solid;border-left-color:currentColor;border-left-style:solid;overflow:hidden;}.kt-post-loop95_61e846-0a .kt-blocks-post-grid-item .kt-blocks-post-grid-item-inner{padding-top:0px;padding-right:0px;padding-bottom:0px;padding-left:0px;}.kt-post-loop95_61e846-0a .kt-blocks-post-grid-item header{padding-top:0px;padding-right:0px;padding-bottom:10px;padding-left:0px;margin-top:0px;margin-right:0px;margin-bottom:0px;margin-left:0px;}.kt-post-loop95_61e846-0a .kt-blocks-post-grid-item .kt-blocks-above-categories{font-size:13px;line-height:20px;text-transform:uppercase;}.kt-post-loop95_61e846-0a .kt-blocks-post-grid-item .entry-title{padding-top:5px;padding-right:0px;padding-bottom:0px;padding-left:0px;margin-top:0px;margin-right:0px;margin-bottom:0px;margin-left:0px;font-size:24px;line-height:30px;}.kt-post-loop95_61e846-0a .entry-content{padding-top:0px;padding-right:0px;padding-bottom:0px;padding-left:0px;margin-top:0px;margin-right:0px;margin-bottom:0px;margin-left:0px;font-size:14px;line-height:24px;}.kt-post-loop95_61e846-0a .kt-blocks-post-footer{border-top-width:0px;border-right-width:0px;border-bottom-width:0px;border-left-width:0px;padding-top:0px;padding-right:0px;padding-bottom:0px;padding-left:0px;margin-top:0px;margin-right:0px;margin-bottom:0px;margin-left:0px;font-size:12px;line-height:20px;text-transform:uppercase;}.kt-post-loop95_61e846-0a .entry-content:after{height:0px;}.kt-post-loop95_61e846-0a .kb-filter-item{border-top-width:0px;border-right-width:0px;border-bottom-width:2px;border-left-width:0px;padding-top:5px;padding-right:8px;padding-bottom:5px;padding-left:8px;margin-top:0px;margin-right:10px;margin-bottom:0px;margin-left:0px;}@media all and (max-width: 1024px){.kt-post-loop95_61e846-0a .kt-blocks-post-grid-item{border-top-color:currentColor;border-top-style:solid;border-right-color:currentColor;border-right-style:solid;border-bottom-color:currentColor;border-bottom-style:solid;border-left-color:currentColor;border-left-style:solid;}}@media all and (max-width: 767px){.kt-post-loop95_61e846-0a .kt-blocks-post-grid-item{border-top-color:currentColor;border-top-style:solid;border-right-color:currentColor;border-right-style:solid;border-bottom-color:currentColor;border-bottom-style:solid;border-left-color:currentColor;border-left-style:solid;}}<\/style><div class=\"wp-block-kadence-postgrid kt-blocks-post-loop-block alignnone kt-post-loop95_61e846-0a kt-post-grid-layout-grid \"><div class=\"kt-post-grid-layout-grid-wrap kt-post-grid-wrap\" data-columns-xxl=\"2\" data-columns-xl=\"2\" data-columns-md=\"2\" data-columns-sm=\"2\" data-columns-xs=\"1\" data-columns-ss=\"1\"data-item-selector=\".kt-post-masonry-item\"><article class=\"kt-blocks-post-grid-item post-138 post type-post status-publish format-standard has-post-thumbnail hentry category-open-positions\"><div class=\"kt-blocks-post-grid-item-inner-wrap kt-feat-image-align-left kt-feat-image-mobile-align-top\"><div class=\"kadence-post-image\"><div class=\"kadence-post-image-intrisic kt-image-ratio-133-33\" style=\"padding-bottom:133.33%;\"><div class=\"kadence-post-image-inner-intrisic\"><a href=\"https:\/\/wanders.parisnanterre.fr\/index.php\/2025\/02\/04\/ingenieur-detudes\/\" aria-label=\"Read More Ing\u00e9nieur d\u2019\u00e9tudes\" class=\"kadence-post-image-inner-wrap\"><img loading=\"lazy\" decoding=\"async\" width=\"1024\" height=\"683\" src=\"https:\/\/wanders.parisnanterre.fr\/wp-content\/uploads\/2025\/02\/person-walking-in-a-chroma-key-suit-in-a-studio-with-green-screen-for-video-editing.-9488236-1024x683.jpg\" class=\"attachment-large size-large wp-post-image\" alt=\"Person walking in a chroma key suit in a studio with green screen for video editing.\" srcset=\"https:\/\/wanders.parisnanterre.fr\/wp-content\/uploads\/2025\/02\/person-walking-in-a-chroma-key-suit-in-a-studio-with-green-screen-for-video-editing.-9488236-1024x683.jpg 1024w, https:\/\/wanders.parisnanterre.fr\/wp-content\/uploads\/2025\/02\/person-walking-in-a-chroma-key-suit-in-a-studio-with-green-screen-for-video-editing.-9488236-300x200.jpg 300w, https:\/\/wanders.parisnanterre.fr\/wp-content\/uploads\/2025\/02\/person-walking-in-a-chroma-key-suit-in-a-studio-with-green-screen-for-video-editing.-9488236-768x512.jpg 768w, https:\/\/wanders.parisnanterre.fr\/wp-content\/uploads\/2025\/02\/person-walking-in-a-chroma-key-suit-in-a-studio-with-green-screen-for-video-editing.-9488236-1536x1024.jpg 1536w, https:\/\/wanders.parisnanterre.fr\/wp-content\/uploads\/2025\/02\/person-walking-in-a-chroma-key-suit-in-a-studio-with-green-screen-for-video-editing.-9488236-2048x1365.jpg 2048w\" sizes=\"auto, (max-width: 1024px) 100vw, 1024px\" \/><\/a><\/div><\/div><\/div><div class=\"kt-blocks-post-grid-item-inner\"><header><h2 class=\"entry-title\"><a href=\"https:\/\/wanders.parisnanterre.fr\/index.php\/2025\/02\/04\/ingenieur-detudes\/\">Ing\u00e9nieur d\u2019\u00e9tudes<\/a><\/h2><div class=\"kt-blocks-post-top-meta\"><div class=\"kt-blocks-date\"><span class=\"kt-blocks-date-pretext\">Posted on <\/span><time datetime=\"2025-02-04T12:32:58+00:00\" class=\"kt-blocks-post-date\">f\u00e9vrier 4, 2025<\/time><\/div><\/div><\/header><div class=\"entry-content\">Cin\u00e9matique de la marche en environnement socio-\u00e9motionnel virtuel CDD &#8211; 18 mois (temps partiel (80%), \u00e0 pourvoir \u00e0 partir du 01\/09\/2025) \u2013 Poste bas\u00e9 \u00e0 Nanterre, France Contexte Le poste&#8230;<\/div><footer class=\"kt-blocks-post-footer\"><div class=\"kt-blocks-post-footer-left\"><\/div><div class=\"kt-blocks-post-footer-right\"><\/div><\/footer><\/div><\/div><\/article><article class=\"kt-blocks-post-grid-item post-133 post type-post status-publish format-standard has-post-thumbnail hentry category-open-positions\"><div class=\"kt-blocks-post-grid-item-inner-wrap kt-feat-image-align-left kt-feat-image-mobile-align-top\"><div class=\"kadence-post-image\"><div class=\"kadence-post-image-intrisic kt-image-ratio-133-33\" style=\"padding-bottom:133.33%;\"><div class=\"kadence-post-image-inner-intrisic\"><a href=\"https:\/\/wanders.parisnanterre.fr\/index.php\/2025\/02\/04\/contrat-doctoral-phd\/\" aria-label=\"Read More Contrat doctoral (PhD)\" class=\"kadence-post-image-inner-wrap\"><img loading=\"lazy\" decoding=\"async\" width=\"1024\" height=\"683\" src=\"https:\/\/wanders.parisnanterre.fr\/wp-content\/uploads\/2025\/02\/group-of-diverse-teenagers-having-a-serious-discussion-in-an-urban-outdoor-setting.-6147127-1024x683.jpg\" class=\"attachment-large size-large wp-post-image\" alt=\"Group of diverse teenagers having a serious discussion in an urban outdoor setting.\" srcset=\"https:\/\/wanders.parisnanterre.fr\/wp-content\/uploads\/2025\/02\/group-of-diverse-teenagers-having-a-serious-discussion-in-an-urban-outdoor-setting.-6147127-1024x683.jpg 1024w, https:\/\/wanders.parisnanterre.fr\/wp-content\/uploads\/2025\/02\/group-of-diverse-teenagers-having-a-serious-discussion-in-an-urban-outdoor-setting.-6147127-300x200.jpg 300w, https:\/\/wanders.parisnanterre.fr\/wp-content\/uploads\/2025\/02\/group-of-diverse-teenagers-having-a-serious-discussion-in-an-urban-outdoor-setting.-6147127-768x512.jpg 768w, https:\/\/wanders.parisnanterre.fr\/wp-content\/uploads\/2025\/02\/group-of-diverse-teenagers-having-a-serious-discussion-in-an-urban-outdoor-setting.-6147127-1536x1024.jpg 1536w, https:\/\/wanders.parisnanterre.fr\/wp-content\/uploads\/2025\/02\/group-of-diverse-teenagers-having-a-serious-discussion-in-an-urban-outdoor-setting.-6147127-2048x1365.jpg 2048w\" sizes=\"auto, (max-width: 1024px) 100vw, 1024px\" \/><\/a><\/div><\/div><\/div><div class=\"kt-blocks-post-grid-item-inner\"><header><h2 class=\"entry-title\"><a href=\"https:\/\/wanders.parisnanterre.fr\/index.php\/2025\/02\/04\/contrat-doctoral-phd\/\">Contrat doctoral (PhD)<\/a><\/h2><div class=\"kt-blocks-post-top-meta\"><div class=\"kt-blocks-date\"><span class=\"kt-blocks-date-pretext\">Posted on <\/span><time datetime=\"2025-02-04T12:26:12+00:00\" class=\"kt-blocks-post-date\">f\u00e9vrier 4, 2025<\/time><\/div><\/div><\/header><div class=\"entry-content\">Marche, anh\u00e9donie, d\u00e9pression et d\u00e9cisions sociales CDD &#8211; 36 mois (plein temps, \u00e0 pourvoir \u00e0 partir du 01\/09\/2025) \u2013 Poste bas\u00e9 \u00e0 Nanterre, France Contexte Le poste du candidat s&#8217;inscrit&#8230;<\/div><footer class=\"kt-blocks-post-footer\"><div class=\"kt-blocks-post-footer-left\"><\/div><div class=\"kt-blocks-post-footer-right\"><\/div><\/footer><\/div><\/div><\/article><\/div><\/div><!-- .wp-block-kadence-postgrid -->\n\n\n<h2 class=\"wp-block-heading\">Assigned positions<\/h2>\n\n\n<style>.kt-post-loop95_967cb2-9a .kadence-post-image{padding-top:0px;padding-right:30px;padding-bottom:10px;padding-left:0px;}.kt-post-loop95_967cb2-9a .kt-feat-image-align-left{grid-template-columns:40% auto;}.kt-post-loop95_967cb2-9a .kt-post-grid-wrap{gap:30px 30px;}.kt-post-loop95_967cb2-9a .kt-blocks-post-grid-item{border-top-left-radius:0px;border-top-right-radius:0px;border-bottom-right-radius:0px;border-bottom-left-radius:0px;border-top-color:currentColor;border-top-style:solid;border-right-color:currentColor;border-right-style:solid;border-bottom-color:currentColor;border-bottom-style:solid;border-left-color:currentColor;border-left-style:solid;overflow:hidden;}.kt-post-loop95_967cb2-9a .kt-blocks-post-grid-item .kt-blocks-post-grid-item-inner{padding-top:0px;padding-right:0px;padding-bottom:0px;padding-left:0px;}.kt-post-loop95_967cb2-9a .kt-blocks-post-grid-item header{padding-top:0px;padding-right:0px;padding-bottom:10px;padding-left:0px;margin-top:0px;margin-right:0px;margin-bottom:0px;margin-left:0px;}.kt-post-loop95_967cb2-9a .kt-blocks-post-grid-item .kt-blocks-above-categories{font-size:13px;line-height:20px;text-transform:uppercase;}.kt-post-loop95_967cb2-9a .kt-blocks-post-grid-item .entry-title{padding-top:5px;padding-right:0px;padding-bottom:0px;padding-left:0px;margin-top:0px;margin-right:0px;margin-bottom:0px;margin-left:0px;font-size:24px;line-height:30px;}.kt-post-loop95_967cb2-9a .entry-content{padding-top:0px;padding-right:0px;padding-bottom:0px;padding-left:0px;margin-top:0px;margin-right:0px;margin-bottom:0px;margin-left:0px;font-size:14px;line-height:24px;}.kt-post-loop95_967cb2-9a .kt-blocks-post-footer{border-top-width:0px;border-right-width:0px;border-bottom-width:0px;border-left-width:0px;padding-top:0px;padding-right:0px;padding-bottom:0px;padding-left:0px;margin-top:0px;margin-right:0px;margin-bottom:0px;margin-left:0px;font-size:12px;line-height:20px;text-transform:uppercase;}.kt-post-loop95_967cb2-9a .entry-content:after{height:0px;}.kt-post-loop95_967cb2-9a .kb-filter-item{border-top-width:0px;border-right-width:0px;border-bottom-width:2px;border-left-width:0px;padding-top:5px;padding-right:8px;padding-bottom:5px;padding-left:8px;margin-top:0px;margin-right:10px;margin-bottom:0px;margin-left:0px;}@media all and (max-width: 1024px){.kt-post-loop95_967cb2-9a .kt-blocks-post-grid-item{border-top-color:currentColor;border-top-style:solid;border-right-color:currentColor;border-right-style:solid;border-bottom-color:currentColor;border-bottom-style:solid;border-left-color:currentColor;border-left-style:solid;}}@media all and (max-width: 767px){.kt-post-loop95_967cb2-9a .kt-blocks-post-grid-item{border-top-color:currentColor;border-top-style:solid;border-right-color:currentColor;border-right-style:solid;border-bottom-color:currentColor;border-bottom-style:solid;border-left-color:currentColor;border-left-style:solid;}}<\/style><div class=\"wp-block-kadence-postgrid kt-blocks-post-loop-block alignnone kt-post-loop95_967cb2-9a kt-post-grid-layout-grid \"><div class=\"kt-post-grid-layout-grid-wrap kt-post-grid-wrap\" data-columns-xxl=\"2\" data-columns-xl=\"2\" data-columns-md=\"2\" data-columns-sm=\"2\" data-columns-xs=\"1\" data-columns-ss=\"1\"data-item-selector=\".kt-post-masonry-item\"><article class=\"kt-blocks-post-grid-item post-112 post type-post status-publish format-standard has-post-thumbnail hentry category-assigned-positions\"><div class=\"kt-blocks-post-grid-item-inner-wrap kt-feat-image-align-left kt-feat-image-mobile-align-top\"><div class=\"kadence-post-image\"><div class=\"kadence-post-image-intrisic kt-image-ratio-133-33\" style=\"padding-bottom:133.33%;\"><div class=\"kadence-post-image-inner-intrisic\"><a href=\"https:\/\/wanders.parisnanterre.fr\/index.php\/2025\/02\/04\/m2-research-internship\/\" aria-label=\"Read More M2 research internship\" class=\"kadence-post-image-inner-wrap\"><img loading=\"lazy\" decoding=\"async\" width=\"683\" height=\"1024\" src=\"https:\/\/wanders.parisnanterre.fr\/wp-content\/uploads\/2025\/02\/crop-unrecognizable-male-teenager-in-casual-clothes-holding-modern-headset-of-virtual-reality-at-home-in-sunlight-7241320-683x1024.jpg\" class=\"attachment-large size-large wp-post-image\" alt=\"Crop unrecognizable male teenager in casual clothes holding modern headset of virtual reality at home in sunlight\" srcset=\"https:\/\/wanders.parisnanterre.fr\/wp-content\/uploads\/2025\/02\/crop-unrecognizable-male-teenager-in-casual-clothes-holding-modern-headset-of-virtual-reality-at-home-in-sunlight-7241320-683x1024.jpg 683w, https:\/\/wanders.parisnanterre.fr\/wp-content\/uploads\/2025\/02\/crop-unrecognizable-male-teenager-in-casual-clothes-holding-modern-headset-of-virtual-reality-at-home-in-sunlight-7241320-200x300.jpg 200w, https:\/\/wanders.parisnanterre.fr\/wp-content\/uploads\/2025\/02\/crop-unrecognizable-male-teenager-in-casual-clothes-holding-modern-headset-of-virtual-reality-at-home-in-sunlight-7241320-768x1152.jpg 768w, https:\/\/wanders.parisnanterre.fr\/wp-content\/uploads\/2025\/02\/crop-unrecognizable-male-teenager-in-casual-clothes-holding-modern-headset-of-virtual-reality-at-home-in-sunlight-7241320-1024x1536.jpg 1024w, https:\/\/wanders.parisnanterre.fr\/wp-content\/uploads\/2025\/02\/crop-unrecognizable-male-teenager-in-casual-clothes-holding-modern-headset-of-virtual-reality-at-home-in-sunlight-7241320-1365x2048.jpg 1365w, https:\/\/wanders.parisnanterre.fr\/wp-content\/uploads\/2025\/02\/crop-unrecognizable-male-teenager-in-casual-clothes-holding-modern-headset-of-virtual-reality-at-home-in-sunlight-7241320-scaled.jpg 1707w\" sizes=\"auto, (max-width: 683px) 100vw, 683px\" \/><\/a><\/div><\/div><\/div><div class=\"kt-blocks-post-grid-item-inner\"><header><h2 class=\"entry-title\"><a href=\"https:\/\/wanders.parisnanterre.fr\/index.php\/2025\/02\/04\/m2-research-internship\/\">M2 research internship<\/a><\/h2><div class=\"kt-blocks-post-top-meta\"><div class=\"kt-blocks-date\"><span class=\"kt-blocks-date-pretext\">Posted on <\/span><time datetime=\"2025-02-04T12:06:28+00:00\" class=\"kt-blocks-post-date\">f\u00e9vrier 4, 2025<\/time><\/div><\/div><\/header><div class=\"entry-content\">Link between emotion and action: a study of movement kinematics in a virtual socio-emotional environment Internship context We are offering a 6-month gratified Master 2 internship, from January 2025 to&#8230;<\/div><footer class=\"kt-blocks-post-footer\"><div class=\"kt-blocks-post-footer-left\"><\/div><div class=\"kt-blocks-post-footer-right\"><\/div><\/footer><\/div><\/div><\/article><\/div><\/div><!-- .wp-block-kadence-postgrid -->","protected":false},"excerpt":{"rendered":"<p>Open positions Assigned positions<\/p>\n","protected":false},"author":1,"featured_media":0,"parent":0,"menu_order":0,"comment_status":"closed","ping_status":"closed","template":"","meta":{"_kad_blocks_custom_css":"","_kad_blocks_head_custom_js":"","_kad_blocks_body_custom_js":"","_kad_blocks_footer_custom_js":"","_kadence_starter_templates_imported_post":false,"_kad_post_transparent":"","_kad_post_title":"","_kad_post_layout":"","_kad_post_sidebar_id":"","_kad_post_content_style":"","_kad_post_vertical_padding":"","_kad_post_feature":"","_kad_post_feature_position":"","_kad_post_header":false,"_kad_post_footer":false,"footnotes":""},"class_list":["post-95","page","type-page","status-publish","hentry"],"taxonomy_info":[],"featured_image_src_large":false,"author_info":{"display_name":"admin","author_link":"https:\/\/wanders.parisnanterre.fr\/index.php\/author\/rmennella\/"},"comment_info":0,"_links":{"self":[{"href":"https:\/\/wanders.parisnanterre.fr\/index.php\/wp-json\/wp\/v2\/pages\/95","targetHints":{"allow":["GET"]}}],"collection":[{"href":"https:\/\/wanders.parisnanterre.fr\/index.php\/wp-json\/wp\/v2\/pages"}],"about":[{"href":"https:\/\/wanders.parisnanterre.fr\/index.php\/wp-json\/wp\/v2\/types\/page"}],"author":[{"embeddable":true,"href":"https:\/\/wanders.parisnanterre.fr\/index.php\/wp-json\/wp\/v2\/users\/1"}],"replies":[{"embeddable":true,"href":"https:\/\/wanders.parisnanterre.fr\/index.php\/wp-json\/wp\/v2\/comments?post=95"}],"version-history":[{"count":6,"href":"https:\/\/wanders.parisnanterre.fr\/index.php\/wp-json\/wp\/v2\/pages\/95\/revisions"}],"predecessor-version":[{"id":230,"href":"https:\/\/wanders.parisnanterre.fr\/index.php\/wp-json\/wp\/v2\/pages\/95\/revisions\/230"}],"wp:attachment":[{"href":"https:\/\/wanders.parisnanterre.fr\/index.php\/wp-json\/wp\/v2\/media?parent=95"}],"curies":[{"name":"wp","href":"https:\/\/api.w.org\/{rel}","templated":true}]}}